n 42168 is divided by 1339.
659
Calculate the remainder when 260763251 is divided by 80.
51
What is the remainder when 4989395 is divided by 1046?
1021
Calculate the remainder when 31574141 is divided by 128.
125
What is the remainder when 398934 is divided by 3045?
39
What is the remainder when 278068676 is divided by 4663?
4660
What is the remainder when 301808 is divided by 1089?
155
Calculate the remainder when 389362 is divided by 572.
402
What is the remainder when 654933 is divided by 59438?
1115
What is the remainder when 15673234 is divided by 15673173?
61
What is the remainder when 214784824 is divided by 283?
276
What is the remainder when 447332 is divided by 2342?
10
Calculate the remainder when 11201737 is divided by 270.
247
What is the remainder when 64746894 is divided by 43?
31
Calculate the remainder when 190512 is divided by 190473.
39
Calculate the remainder when 4757728 is divided by 1280.
1248
What is the remainder when 197304 is divided by 13012?
2124
Calculate the remainder when 6884059 is divided by 1311.
1309
What is the remainder when 77252226 is divided by 319?
315
What is the remainder when 85493 is divided by 28312?
557
What is the remainder when 6578296 is divided by 23?
20
Calculate the remainder when 6535705 is divided by 2178541.
82
Calculate the remainder when 3523885 is divided by 2561.
2510
Calculate the remainder when 278036 is divided by 69258.
1004
What is the remainder when 20009367 is divided by 55?
37
Calculate the remainder when 27567099 is divided by 10760.
10739
What is the remainder when 17687 is divided by 17652?
35
Calculate the remainder when 13657725 is divided by 4552534.
123
What is the remainder when 376236 is divided by 77?
14
What is the remainder when 207729 is divided by 68906?
1011
What is the remainder when 116954935 is divided by 8991?
7
Calculate the remainder when 35396433 is divided by 17.
2
Calculate the remainder when 3204 is divided by 231.
201
What is the remainder when 38997875 is divided by 186?
185
What is the remainder when 4982 is divided by 372?
146
What is the remainder when 17503114 is divided by 19?
10
What is the remainder when 474297 is divided by 461?
389
Calculate the remainder when 2613904 is divided by 35.
34
Calculate the remainder when 32493 is divided by 32467.
26
Calculate the remainder when 3403853 is divided by 682.
673
What is the remainder when 1391982 is divided by 5590?
72
What is the remainder when 43722 is divided by 14268?
918
Calculate the remainder when 11254427 is divided by 56.
51
What is the remainder when 1334361 is divided by 1018?
781
Calculate the remainder when 8146603 is divided by 230.
3
What is the remainder when 16768 is divided by 16768?
0
What is the remainder when 7471995 is divided by 822?
15
What is the remainder when 1690301 is divided by 86?
57
Calculate the remainder when 3819625 is divided by 2128.
1993
What is the remainder when 696185 is divided by 36625?
310
What is the remainder when 2541879 is divided by 635?
609
Calculate the remainder when 67487 is divided by 22317.
536
What is the remainder when 42167 is divided by 10282?
1039
What is the remainder when 993806 is divided by 973?
373
What is the remainder when 32639349 is divided by 8?
5
Calculate the remainder when 701395 is divided by 196.
107
Calculate the remainder when 232816 is divided by 2771.
52
Calculate the remainder when 4702549 is divided by 1961.
71
What is the remainder when 37458 is divided by 11315?
3513
What is the remainder when 604263 is divided by 13702?
1375
Calculate the remainder when 209508 is divided by 34482.
2616
What is the remainder when 3133744 is divided by 626?
614
What is the remainder when 2979164 is divided by 414?
20
Calculate the remainder when 4477096 is divided by 2014.
1988
What is the remainder when 327672 is divided by 9928?
48
Calculate the remainder when 194772 is divided by 10250.
22
Calculate the remainder when 3601382 is divided by 415.
12
What is the remainder when 4391186 is divided by 4391153?
33
Calculate the remainder when 6435826 is divided by 21.
19
Calculate the remainder when 851003 is divided by 299.
49
What is the remainder when 7557114 is divided by 960?
954
What is the remainder when 16532 is divided by 324?
8
What is the remainder when 1331308 is divided by 1102?
92
What is the remainder when 35984423 is divided by 588?
587
Calculate the remainder when 112996 is divided by 18685.
886
What is the remainder when 20976377 is divided by 20976365?
12
Calculate the remainder when 389319 is divided by 476.
427
What is the remainder when 417830 is divided by 3781?
1920
What is the remainder when 42656 is divided by 4739?
5
Calculate the remainder when 177870 is divided by 17766.
210
Calculate the remainder when 1440049 is divided by 90.
49
Calculate the remainder when 157814 is divided by 9641.
3558
Calculate the remainder when 384936 is divided by 192460.
16
Calculate the remainder when 2952314 is divided by 42787.
11
What is the remainder when 219452 is divided by 219164?
288
Calculate the remainder when 23254814 is divided by 8151.
11
What is the remainder when 6619334 is divided by 130?
124
What is the remainder when 9527115 is divided by 58?
35
What is the remainder when 30349 is divided by 29337?
1012
What is the remainder when 2985160 is divided by 39?
22
Calculate the remainder when 438066 is divided by 218976.
114
What is the remainder when 1491207 is divided by 67?
55
What is the remainder when 1586234 is divided by 63449?
9
What is the remainder when 197186 is divided by 666?
50
What is the remainder when 694207 is divided by 34?
29
Calculate the remainder when 47530519 is divided by 13.
10
Calculate the remainder when 119904812 is divided by 119904812.
0
Calculate the remainder when 20027 is divided by 1698.
1349
Calculate the remainder when 4173093 is divided by 176.
133
What is the remainder when 221042 is divided by 8840?
42
What is the remainder when 33558098 is divided by 51?
47
What is the remainder when 121757 is divided by 58892?
3973
Calculate the remainder when 45477292 is divided by 85.
82
What is the remainder when 654147037 is divided by 8915?
8912
What is the remainder when 2539753 is divided by 530?
523
What is the remainder when 50142 is divided by 47257?
2885
Calculate the remainder when 396627 is divided by 2317.
420
What is the remainder when 16726498 is divided by 875?
873
What is the remainder when 700954 is divided by 2921?
2835
What is the remainder when 151453688 is divided by 2001?
2000
Calculate the remainder when 65761 is divided by 363.
58
Calculate the remainder when 4077160 is divided by 203.
108
What is the remainder when 4036003 is divided by 1345330?
13
What is the remainder when 583742 is divided by 583699?
43
Calculate the remainder when 16573618 is divided by 291.
4
What is the remainder when 38067192 is divided by 31?
29
What is the remainder when 42876257 is divided by 286?
281
Calculate the remainder when 16015604 is divided by 518.
80
What is the remainder when 203895456 is divided by 9430?
9426
Calculate the remainder when 702717 is divided by 1354.
1345
What is the remainder when 6678040 is divided by 658?
656
Calculate the remainder when 1025688037 is divided by 1352.
1349
What is the remainder when 10150 is divided by 3356?
82
What is the remainder when 1976237 is divided by 2347?
63
Calculate the remainder when 31760 is divided by 1143.
899
Calculate the remainder when 24812653 is divided by 11.
8
What is the remainder when 45572250 is divided by 31?
18
What is the remainder when 3802766 is divided by 522?
518
What is the remainder when 4565697 is divided by 161?
59
Calculate the remainder when 1353456 is divided by 141.
138
Calculate the remainder when 244792 is divided by 1560.
1432
Calculate the remainder when 102523 is divided by 2917.
428
Calculate the remainder when 707549 is divided by 37238.
27
Calculate the remainder when 51041173 is divided by 1017.
994
Calculate the remainder when 8102 is divided by 3801.
500
What is the remainder when 2048325 is divided by 3085?
2970
What is the remainder when 1402396 is divided by 184?
132
What is the remainder when 6485658 is divided by 8613?
69
Calculate the remainder when 3497738 is divided by 16264.
978
Ca